99462*u + 298382. Determine f(3).
-4
Let z(x) = 512*x**3 + 1540*x**2 - 19*x - 86. What is z(-3)?
7
Let h(w) = -1287*w - 4297. What is h(-3)?
-436
Let h(y) = 4*y**3 - 143*y**2 - y + 42. Give h(0).
42
Let v(g) = -6*g**3 - 17*g**2 + 13*g + 13. What is v(-5)?
273
Let y(b) = -b**3 + 11*b**2 - 888*b + 11865. What is y(13)?
-17
Let m(l) = 314474*l - 1886838. Determine m(6).
6
Let v(a) = -a**3 - 37*a**2 + 28*a - 32. Determine v(-38).
348
Let k(z) = 10602*z + 112. Determine k(0).
112
Let m(x) = 6*x**3 - 282*x**2 + 42*x - 1934. Calculate m(47).
40
Let c(o) = 12*o**3 - 7667*o**2 - 636*o - 2073. Determine c(639).
-156
Let d(i) = i**3 - 336*i**2 - 7108*i - 4287. Give d(356).
-15
Let f(o) = -2059*o**2 - 76186*o - 113. Give f(-37).
-2
Let j(b) = 25*b**2 - 392*b - 549. Give j(17).
12
Let z(c) = 9*c**2 - 169*c + 195. Calculate z(25).
1595
Let a(s) = -91*s**2 - 1080*s - 862. Give a(-11).
7
Let l(h) = 16382*h - 49155. Calculate l(3).
-9
Let v(g) = -4221*g + 9113. Give v(3).
-3550
Let p(k) = 3*k**3 + 2653*k**2 - 13187*k - 769. Give p(5).
-4
Let r(a) = -a**2 + 1508*a - 181588. Determine r(132).
44
Let g(u) = 1467*u - 123257. What is g(84)?
-29
Let d(c) = -2*c**3 + 60*c**2 + 167*c + 100. Give d(-2).
22
Let g(q) = -8*q**2 + 4*q - 5. Give g(1).
-9
Let j(z) = -2*z**2 - 87699*z - 1577934. Calculate j(-18).
0
Let a(s) = -118*s + 79. What is a(2)?
-157
Let h(c) = 55*c**2 + 430*c - 604. What is h(-9)?
-19
Let c(z) = 14*z**3 - 8*z**2 + 5436*z - 5436. Give c(1).
6
Let l(a) = -2052*a**3 + a**2 + 299*a - 298. Give l(1).
-2050
Let n(v) = 3*v**2 + 33*v - 253. Calculate n(0).
-253
Let x(c) = -26*c**2 + 349*c + 80. Determine x(14).
-130
Let x(s) = -41*s**2 - 32158*s + 161808. Determine x(5).
-7
Let a(g) = 7*g + 477. Give a(-95).
-188
Let z(q) = 3*q**3 - 126*q**2 + 112*q + 474. Calculate z(41).
23
Let t(u) = -7*u**3 - 1509*u**2 - 2321*u + 7056. Give t(-214).
-6
Let z(w) = -w**3 - 17*w**2 - 55*w + 72. What is z(-7)?
-33
Let u(i) = -i**3 + 9*i**2 + 2718*i - 19115. Calculate u(7).
9
Let u(p) = 2154*p + 68974. What is u(-32)?
46
Let h(x) = 294*x**2 - 5850*x - 594. Calculate h(20).
6
Let v(p) = 3*p**2 - 172*p - 606. Determine v(43).
-2455
Let p(l) = l**3 - 8*l**2 + 44*l - 229. What is p(6)?
-37
Let p(s) = s**3 - 5*s**2 - 5437*s + 32612. What is p(6)?
26
Let v(g) = -9*g**3 - 114*g**2 - 425*g - 475. Calculate v(-7).
1
Let y(o) = 828*o**2 - 794885*o + 4808. What is y(960)?
8
Let a(k) = 169*k**3 + 3*k**2 - 1054*k + 2098. Give a(2).
1354
Let q(p) = -81*p + 7536. Give q(90).
246
Let a(y) = -118*y**3 + 1893*y**2 - 76*y - 59. Calculate a(16).
5
Let v(c) = 7610*c + 692488. Calculate v(-91).
-22
Let g(w) = -5*w**3 + 109*w**2 + 724*w - 589. Give g(27).
5
Let u(j) = -52364*j + 1675643. Give u(32).
-5
Let s(d) = d**3 + 8*d**2 - 1293*d + 206. What is s(0)?
206
Let c(z) = z**2 - 44*z - 2533. Give c(-29).
-416
Let y(f) = 478*f**2 - 1511*f + 216. What is y(3)?
-15
Let k(n) = n**3 - 12*n**2 + 100*n - 980. Determine k(13).
489
Let u(a) = -a**3 + 18231*a**2 + 547824*a - 191. Calculate u(-30).
-11
Let t(q) = q**3 + 1212*q**2 - 3662*q - 20654. Calculate t(-1215).
1
Let p(f) = 3*f**3 + 405*f**2 + 1505*f - 279. What is p(-4)?
-11
Let m(d) = 109374*d - 328101. Determine m(3).
21
Let l(y) = -215*y**3 + 4734*y**2 - 74*y - 309. Give l(22).
-1
Let c(d) = -d**2 + 13544*d + 1943413. Calculate c(-142).
1
Let c(g) = -5290*g - 185128. What is c(-35)?
22
Let s(q) = 2*q**2 - 192*q + 162. Determine s(91).
-748
Let w(y) = y**3 + 234*y**2 + 13428*y + 3715. Determine w(-134).
-37
Let i(u) = -97*u + 21. Determine i(8).
-755
Let t(g) = -613*g + 183223. Calculate t(299).
-64
Let q(w) = -5*w**2 + 92*w + 3126. What is q(-17)?
117
Let i(x) = -x**3 + 10*x**2 - 218*x + 2845. Determine i(12).
-59
Let w(v) = -v**2 - 20*v - 240. Calculate w(15).
-765
Let h(r) = -69*r**2 + 2248*r - 13072. Give h(25).
3
Let s(c) = 3487*c - 34961. Calculate s(10).
-91
Let o(y) = 2*y**2 - 461*y - 3095. What is o(237)?
-14
Let p(l) = -14*l**2 + 657*l - 73. What is p(48)?
-793
Let d(s) = -s**3 + 378*s**2 + 6331*s - 9735. Determine d(394).
903
Let v(a) = -795*a - 293960. Calculate v(-369).
-605
Let b(i) = -54453*i + 490224. Give b(9).
147
Let n(k) = -65*k**3 - 1817*k**2 + 87*k + 105. Give n(-28).
21
Let j(p) = -31*p**2 - 563*p - 2125. Determine j(-5).
-85
Let i(m) = 3*m**3 - 62*m**2 + 187*m + 226. Determine i(5).
-14
Let i(l) = -3714*l - 835661. Give i(-225).
-11
Let q(c) = -c**3 - 115*c**2 - 39*c - 91. Calculate q(0).
-91
Let h(b) = -80280*b + 2167560. Give h(27).
0
Let s(z) = 54*z**2 - 183*z + 918. Determine s(6).
1764
Let d(i) = 433615*i - 1734469. Give d(4).
-9
Let o(d) = -122*d**2 + 504*d - 12. Determine o(3).
402
Let w(t) = 18173*t + 963090. Give w(-53).
-79
Let x(n) = -2*n**3 + 4*n**2 - 207*n + 3014. Calculate x(9).
17
Let v(t) = 4*t**3 + 146*t**2 + 282*t - 1982. Calculate v(-34).
-10
Let y(p) = -p**3 - 9*p**2 + 22705*p + 45441. Give y(-2).
3
Let a(q) = 2*q**3 + 43*q**2 - 246*q - 253. Give a(-26).
59
Let l(y) = -3357*y + 523683. Determine l(156).
-9
Let b(n) = -8*n**2 + 5148*n - 68032. Determine b(630).
8
Let q(r) = -r**3 - r**2 + 203*r - 34. Give q(-15).
71
Let w(t) = 5*t**2 + 2716*t - 15906. Calculate w(-549).
15
Let u(w) = 12*w**3 - 247*w**2 - 729*w + 7805. Give u(22).
-5
Let b(a) = -4*a**2 - 131*a - 827. Calculate b(-6).
-185
Let o(f) = 1870*f + 20780. Determine o(-10).
2080
Let o(v) = -v**2 + 506*v + 30062. Calculate o(-54).
-178
Let h(o) = -180*o**3 - 3*o**2 + 110*o + 115. Give h(-1).
182
Let m(x) = 3*x**3 + 15*x**2 - 71*x - 150. Determine m(-7).
53
Let j(t) = -t**3 - 120*t**2 - 2990*t - 531. What is j(-35)?
-6
Let f(j) = j**3 - 2*j**2 - 160*j - 475. Give f(-10).
-75
Let s(f) = -5*f**3 - 41937*f**2 + 41936*f + 1. What is s(1)?
-5
Let i(p) = -121*p**2 + 730*p - 689. What is i(1)?
-80
Let c(b) = 1331*b - 121925. What is c(89)?
-3466
Let j(h) = h**3 - 5*h**2 + 42*h - 103. Give j(0).
-103
Let r(l) = -2*l**2 + 3070*l + 9222. Determine r(-3).
-6
Let m(g) = -g**3 - 9*g**2 + 2020*g + 20098. What is m(-10)?
-2
Let k(s) = 285*s + 11940. Calculate k(-42).
-30
Let i(n) = -13*n**3 + n**2 - 72*n - 259. Give i(-4).
877
Let j(c) = -1593*c**2 + 226205*c + 264. Give j(142).
122
Let f(d) = -7*d**2 + 230*d + 4806. Calculate f(52).
-2162
Let c(y) = -2985*y**2 + 211890*y + 3176. Give c(71).
-19
Let n(k) = -11*k**3 + 169*k**2 - 648*k + 177. Determine n(9).
15
Let s(d) = 4*d**3 - 16*d**2 - 721*d + 2887. Give s(4).
3
Let d(b) = -1149*b - 522784. Calculate d(-455).
11
Let o(b) = -b**2 - 922*b + 7417. What is o(8)?
-23
Let k(x) = 8*x**2 + 238*x + 22. Give k(-30).
82
Let j(q) = q**3 + 73*q**2 - 13*q - 956. What is j(-73)?
-7
Let k(j) = -238*j - 45974. Determine k(-192).
-278
Let k(j) = 32*j + 6328. Determine k(-202).
-136
Let r(y) = -6*y**3 + 476*y**2 - 2455*y - 7. What is r(5)?
-1132
Let v(s) = 87*s**2 - 95*s - 174. What is v(-2)?
364
Let m(x) = -5*x**2 - 1173*x - 10153. What is m(-9)?
-1
Let m(v) = -v**2 - 48129*v - 96260. What is m(-2)?
-6
Let a(j) = j**3 - 26*j**2 + 140*j + 235. Calculate a(11).
-40
Let d(z) = -25*z**2 - 2652*z - 216. Calculate d(-106).
-4
Let d(g) = -g**2 + 116*g - 1732. Determine d(51).
1583
Let s(h) = -59088*h - 59050. Determine s(-1).
38
Let j(d) = -2*d**2 + 511*d - 21469. Calculate j(53).
-4
Let q(y) = -11*y**2 + 273*y + 332. What is q(26)?
-6
Let r(u) = -11774*u + 400265. Determine r(34).
-51
Let l(s) = -4*s**3 + 43*s**2 + 415*s - 5. Calculate l(-7).
569
Let g(c) = c**3 - 12*c**2 - 49*c + 548. Calculate g(7).
-40
Let x(y) = -y**3 - 958*y**2 + 54*y + 51726. Give x(-958).
-6
Let q(m) = -4*m**3 - 235*m**2 + 322*m + 1311. Give q(-60).
-9
Let l(g) = 2*g**3 - 533*g**2 + 1325*g - 1323. Determine l(264).
-3
Let r(y) = 820*y - 31319. Determine r(36).
-1799
Let c(f) = -7275*f + 407376. What is c(56)?
-24
Let m(a) = -a**3 + 972*a**2 + 366*a - 355762. Calculate m(972).
-10
Let c(y) = -16*y**3 + 557*y**2 + 81*y + 3. Calculate c(35).
-837
Let n(y) = -9*y**3 + 210*y**2 - 39*y - 82. Calculate n(23).
608
Let m(l) = -3273*l + 29534. Determine m(9).
77
Let w(b) = -b**2 + 288*b + 10611. Calculate w(-33).
18
Let p(a) = 105*a**2 - 482*a + 3. Calculate p(2).
-541
Let j(z) = -z**3 + 13*z**2 + 60*z + 170. Calculate j(17).
34
Let n(j) = 16*j**2 - 324*j + 2455. Determine n(8).
887
Let u(v) = 25*v**3 - v**2 + 54*v - 95. Determine u(2).
209
Let w(p) = -4*p**3 + 553*p**2 